 = -57. Suppose -j*z + 910 = -30*z. Calculate the highest common divisor of z and 13.
13
Let g be (57/76*-10)/(3/(-28)). Calculate the highest common factor of 70 and g.
70
Let b be ((-8)/6)/(-1*(-2)/18). Let u be (2 + 40/(-14))*49. Let y be 2 - (98/b + (-7)/u). Calculate the greatest common factor of y and 110.
10
Let d be 243/5 - (-4)/10. Let c(l) = 18*l - 350. Let x be c(21). Let a = d - x. What is the highest common divisor of 3 and a?
3
Let k(u) = u**2 + 108*u - 24632. Let f be k(112). Let g be (0 + 1 + -77)/(-1). What is the greatest common divisor of g and f?
4
Let l be ((10 - (-460)/(-30)) + 5)*-11277. What is the greatest common divisor of l and 63?
21
Suppose -126 = -2*p - 4*l, -3*p - 5*l + 191 - 2 = 0. Suppose -1968 - 1440 = 8*x. Let z = -419 - x. Calculate the greatest common factor of z and p.
7
Suppose 0 = 4*t - 0*k - 2*k - 34, 30 = 4*t + 2*k. What is the greatest common divisor of 904 and t?
8
Let t be -1*(0 - -1) - (-30 + -7). Let v = -843 + 1095. What is the greatest common factor of v and t?
36
Suppose 4 = 45*h - 43*h. Suppose -4*v = -2*o - 74, h*v + v - 3*o = 51. What is the greatest common divisor of 180 and v?
20
Suppose -1601 = 4*m - 57. Let t = m - -859. Calculate the highest common factor of 11 and t.
11
Let o(b) = 2*b**3 - 4*b**2 + 2*b + 3. Let m be o(4). Suppose -2*i + 69 + m = 0. What is the highest common divisor of 8 and i?
8
Suppose 0 = -5*l + 3*l - q + 33, -l + 22 = -5*q. Suppose 209 = 12*i + l. What is the greatest common factor of 24 and i?
8
Let p(q) be the first derivative of q**2/2 - 13*q - 204. Let x be p(15). What is the highest common factor of x and 11?
1
Suppose 5*y = g + 1565, 178*y - 182*y = -2*g - 1258. What is the greatest common factor of y and 260?
52
Suppose 5*r + 4919 = 3*a, 8193 = -733*a + 738*a - 3*r. What is the greatest common factor of 312 and a?
78
Suppose 113 = 5*t - 4*q, 3*q + 123 = 117. Let g be ((-4)/6)/((-8)/132). Suppose 0 = -3*z + g + 7. Calculate the highest common divisor of t and z.
3
Let s(p) = -p**3 + 28*p**2 - p + 32. Suppose 5*c - 155 = -5*u, -4*c = 4*u - 2*c - 118. Let g be s(u). Calculate the greatest common divisor of 1 and g.
1
Suppose -3*z = 2*o + o - 36, -3*o + 4*z + 71 = 0. Let g = 189 - 349. Let w = g - -347. Calculate the greatest common factor of o and w.
17
Suppose 4 = -4*a, u + 3*u = 3*a + 1075. What is the greatest common divisor of 8442 and u?
134
Let z = -31 + 43. Suppose 70*c - z = 73*c, 2*c = -3*w + 391. Calculate the greatest common divisor of w and 38.
19
Let b be (-10 - -20)*1386/35. What is the greatest common factor of 20724 and b?
132
Let y(b) = 16*b - 19 - 5*b + 8*b. Let t be y(8). Let f = 70 + t. Calculate the highest common factor of 29 and f.
29
Suppose 2*t = -5*s - 5 + 53, -4*t - s = -96. Let g = 115 + -331. Let r = g - -219. What is the highest common divisor of r and t?
3
Let u(h) = 12*h - 22 - h**2 - 6*h + 7*h. Let z be u(10). Calculate the greatest common divisor of z and 88.
8
Suppose 5*i + 285 = -3*k + 1405, 5*i = -4*k + 1125. What is the greatest common factor of 1037 and i?
17
Suppose -64*d - 200727 + 677847 = 0. What is the greatest common factor of d and 140?
35
Suppose -5*d + 0*m = -2*m + 40, -5*d - m = 55. Let g be (-3*(d - -14))/(2*-1). What is the greatest common factor of 39 and g?
3
Let c = 65010 + -33509. Calculate the greatest common factor of 109 and c.
109
Suppose -4*z = -2*z - 252. Let k = 1904 + -1886. What is the highest common factor of k and z?
18
Suppose 2*i - 2*x = 173 - 165, -2*x - 2 = 0. Calculate the highest common factor of 111 and i.
3
Suppose -122 = -4*i - 2*a, 31*i - a - 59 = 29*i. What is the highest common divisor of 864 and i?
6
Let q(f) = 13 - 4*f - f + f - 5*f - f**2. Let i be q(-10). Let j be 0 - (-2 + i)*-5. Calculate the greatest common factor of j and 40.
5
Let w(b) = 50*b**2 - 6*b + 2. Let h be w(-3). Suppose -h*f + 469*f + 27 = 0. What is the highest common divisor of 6 and f?
3
Let p = -3743 + 3851. What is the highest common divisor of 68 and p?
4
Let r be -27*(-2)/12*2. Let f be (r/2)/((-7)/(-182)). Let p be -4*8/(-96)*39. Calculate the highest common divisor of p and f.
13
Let l = -1163 + 1195. What is the greatest common factor of 12352 and l?
32
Suppose -5*u = 0, -12 = 14*q - 10*q - 5*u. Let b be (-51)/119 + 2736/14 + q. Calculate the greatest common factor of 216 and b.
24
Let k be (-6 + 3)*(-10)/6. Suppose 2*n - k*n = 9. Let d be (-224)/63*n + 2/(-3). Calculate the greatest common divisor of d and 90.
10
Let x(c) = -c**3 - 14*c**2 - 38*c + 15. Let v be x(-11). Calculate the greatest common divisor of 112 and v.
14
Let o = 20705 - 16973. Calculate the highest common divisor of o and 132.
12
Suppose 4*q + 563 = 5*a + 25, 0 = 5*a + 4*q - 562. Let j = 234 - a. What is the highest common factor of 93 and j?
31
Suppose -48364 + 3012 = -9*m - 6724. What is the highest common divisor of m and 116?
116
Suppose -2*o - 2125 = -3*o - 5*c, -c = -5*o + 10651. Calculate the highest common divisor of 30 and o.
30
Let l = 4492 - 4327. Calculate the greatest common divisor of l and 135.
15
Suppose -4*d + 108*f = 113*f - 8274, -10362 = -5*d - 3*f. Calculate the highest common factor of d and 24.
12
Let x = 23 + -9. Suppose 17 = -5*p + 87. What is the highest common divisor of p and x?
14
Let o = 10 + -6. Let p be (-37 - 3)/(-2) - 3. Suppose p*g + 96 = 20*g. Calculate the highest common factor of o and g.
4
Let t be (-157880)/(-408)*3 + ((-106)/(-34) - 3). Calculate the greatest common factor of t and 135.
27
Suppose 74*j - 362860 + 57492 = -90*j. What is the greatest common divisor of j and 98?
98
Let u(c) = c**3 - c**2 - 3*c + 99. Let j be u(0). Let i(w) = w**3 - 43*w**2 - 2*w + 104. Let v be i(43). What is the highest common factor of j and v?
9
Suppose 0 = -5*p - g + 22, 18*p - 4*g = 16*p + 22. Let n be 163 - (p + (3 - 16)). What is the greatest common divisor of n and 38?
19
Let f = -84 + -1953. Let o be 2 - 3 - f - -4. What is the greatest common divisor of o and 120?
120
Suppose -3*w + 5*c - 422 = 0, 8*w + 4*c + 654 = 3*w. Let v = -59 - w. What is the highest common divisor of v and 3?
3
Let r be -2 - (-1*28)/(-2). Let q(n) = 11 - 22*n**2 - n**3 - 21 + 8*n**2 + 30*n. Let b be q(r). What is the highest common divisor of 242 and b?
22
Let x = 3568 - 3296. Calculate the highest common divisor of x and 1156.
68
Suppose -a - 4*c = -171, -443 = -3*a - c + 3*c. Let t = -128 + a. Let p be (-370)/(-4) - 3/6. What is the highest common factor of t and p?
23
Let b be 5 + ((-923)/(-9) - (-64)/144). Calculate the greatest common divisor of b and 513.
27
Suppose 4*z - 5*z = -118. Let u = -1368 + 1545. Calculate the highest common factor of z and u.
59
Let j be 17388/(-828) + 5411 + 1. Calculate the greatest common divisor of 63 and j.
9
Let z be 0 - (5 - 3 - 4). Suppose z*t - 4*t - 15 = 5*s, 0 = 2*s + 10. Let y(b) = 2*b**2 - 7*b. Let w be y(5). Calculate the highest common divisor of w and t.
5
Suppose 3268*n = 3277*n - 1386. What is the greatest common factor of 1246 and n?
14
Suppose 0 = 2*n + 2*n - 12. Suppose 2*t - 31 = -2*j - 11, 0 = 4*t - 3*j - 33. Let q = t + n. What is the highest common divisor of 8 and q?
4
Let k = 6167 - 6065. What is the highest common divisor of 2550 and k?
102
Let c be 12/(-1)*((-517)/22 + 1 + -2). What is the greatest common factor of 18 and c?
6
Let q = 4396 + -2879. Calculate the greatest common divisor of q and 185.
37
Let r(b) = b**3 + 67*b**2 - 11*b - 105. Let j be r(-10). Calculate the highest common divisor of j and 14.
7
Let z = -11852 - -11897. Calculate the highest common factor of 855 and z.
45
Let u be 5/(-2) - (-129)/6 - 4. Suppose u*m - 12*m = 39. What is the highest common factor of 351 and m?
13
Suppose -10778 - 102485 = -9*o - 12931. What is the greatest common factor of 12 and o?
12
Let g(x) = 44*x**2 - x - 7. Let y be g(-2). Let j = 22 + -13. Calculate the greatest common divisor of j and y.
9
Let i(w) = w**3 + 28*w**2 + 165*w + 38. Let u be i(-19). What is the highest common factor of u and 532?
76
Let l be ((-90)/(-21))/(1/7). Suppose 14*f + 26*f - 5*f = 3675. Calculate the highest common divisor of l and f.
15
Suppose -4*w - 4 = -s, -3*w - 18 = -2*s + 5*s. Let x be (9/6)/(21/10 + w). Calculate the greatest common factor of x and 180.
15
Let u = -3489 + 3537. What i